028
Convert -1605 (base 8) to base 11.
-74a
What is -225 (base 10) in base 2?
-11100001
What is 98f8 (base 16) in base 12?
1a7b4
What is -b9 (base 14) in base 3?
-20001
14682 (base 9) to base 7
41156
-110000111 (base 2) to base 12
-287
Convert 34966 (base 10) to base 13.
12bb9
Convert a4c2 (base 13) to base 4.
11210110
What is 232030 (base 5) in base 14?
30b4
1101101100 (base 2) to base 16
36c
Convert -4424 (base 7) to base 12.
-b02
What is -b738 (base 15) in base 4?
-21131201
What is -2041 (base 10) in base 13?
-c10
What is -111100010011 (base 2) in base 9?
-5257
13300 (base 6) to base 12
1230
Convert -e935 (base 15) to base 7.
-263543
Convert -35d (base 14) to base 8.
-1237
What is -2806 (base 9) in base 2?
-100001000000
Convert 3c10 (base 13) to base 2.
10000110111000
Convert -133020 (base 4) to base 8.
-3710
Convert -742 (base 12) to base 5.
-13213
What is -11011100 (base 3) in base 15?
-d73
Convert 34b8 (base 14) to base 6.
110254
What is -3c5 (base 13) in base 12?
-478
-3b4b (base 16) to base 4
-3231023
-3518 (base 12) to base 8
-13444
4479 (base 11) to base 12
34b2
Convert -101011101111101 (base 2) to base 11.
-15911
Convert 324404 (base 5) to base 10.
11229
What is 14710 (base 10) in base 16?
3976
Convert 7a9 (base 11) to base 3.
1022210
-1496 (base 11) to base 12
-1140
What is -2444 (base 5) in base 15?
-19e
Convert 6000 (base 9) to base 14.
1846
-5662 (base 8) to base 2
-101110110010
What is -1100100101110000 (base 2) in base 6?
-1034424
What is 18659 (base 13) in base 3?
2101210002
5b25 (base 16) to base 3
1012000012
1022200 (base 4) to base 16
12a0
Convert -1b40 (base 13) to base 10.
-4108
Convert -62235 (base 9) to base 5.
-2303033
Convert 11202220 (base 3) to base 2.
110110011000
Convert -52c (base 14) to base 13.
-606
6367 (base 8) to base 3
11112221
What is 10011201 (base 3) in base 8?
4412
Convert 412040 (base 5) to base 14.
4c4b
Convert -7688 (base 9) to base 8.
-13045
Convert -8629 (base 14) to base 12.
-114a5
10da (base 15) to base 14
143a
-14bd (base 14) to base 5
-104240
Convert -202012 (base 5) to base 8.
-14553
-26c0 (base 15) to base 14
-3036
What is -1000010100000111 (base 2) in base 10?
-34055
What is 32042 (base 6) in base 4?
1003322
What is -12222 (base 7) in base 3?
-11101120
Convert 134430 (base 5) to base 7.
22241
What is 363 (base 16) in base 15?
3cc
Convert 1821 (base 11) to base 4.
210102
What is 11301 (base 4) in base 9?
450
7740 (base 14) to base 15
61ab
-6a7 (base 13) to base 6
-5155
What is -774 (base 10) in base 3?
-1001200
Convert 11411 (base 5) to base 6.
3544
What is -1405 (base 6) in base 3?
-111112
What is -16475 (base 9) in base 6?
-124235
Convert -9998 (base 13) to base 10.
-21419
2024040 (base 5) to base 12
17138
Convert 1851b (base 15) to base 6.
1404412
What is -3a87 (base 11) in base 15?
-1883
40aa (base 14) to base 3
120021002
Convert -481 (base 9) to base 10.
-397
Convert -174 (base 14) to base 5.
-2143
What is -1100101101101 (base 2) in base 12?
-3925
What is -101001 (base 4) in base 8?
-2101
What is -100233 (base 6) in base 3?
-101210110
What is -1979 (base 14) in base 13?
-2140
Convert -e34 (base 16) to base 8.
-7064
What is 1020 (base 10) in base 2?
1111111100
Convert -17731 (base 10) to base 3.
-220022201
2750 (base 9) to base 15
930
-23ce (base 15) to base 2
-1110111000011
Convert 448a (base 12) to base 13.
35c2
359 (base 12) to base 2
111110101
1043 (base 10) to base 3
1102122
3167 (base 11) to base 12
250b
Convert 11011010001101 (base 2) to base 16.
368d
What is -67c (base 16) in base 14?
-868
-65c4 (base 15) to base 9
-32514
-15698 (base 11) to base 14
-80c9
-10011100100 (base 2) to base 11
-a39
-3492 (base 10) to base 3
-11210100
-215 (base 7) to base 13
-86
124664 (base 8) to base 15
cd14
Convert -110111001 (base 3) to base 11.
-6923
-68012 (base 9) to base 4
-23002121
-4688 (base 9) to base 5
-102412
What is 375 (base 9) in base 10?
311
Convert -732 (base 9) to base 8.
-1124
Convert -240345 (base 6) to base 8.
-50611
11374 (base 8) to base 2
1001011111100
What is 23353 (base 6) in base 14?
1337
What is -442 (base 13) in base 7?
-2062
-21370 (base 14) to base 10
-80262
Convert -42424 (base 5) to base 14.
-1088
Convert 14424 (base 6) to base 3.
10011221
Convert -3032 (base 12) to base 11.
-3a18
Convert -2709 (base 12) to base 13.
-2061
Convert -2861 (base 10) to base 11.
-2171
Convert -10221322 (base 4) to base 5.
-1102231
-10b38 (base 13) to base 3
-1112210102
What is -d668 (base 14) in base 3?
-1212200011
What is -2691 (base 12) in base 7?
-15625
What is 3235 (base 15) in base 16?
2981
What is -12571 (base 8) in base 13?
-266b
What is 3a4 (base 13) in base 14?
33b
Convert 100405 (base 8) to base 14.
c073
Convert 3b60 (base 16) to base 2.
11101101100000
What is -10034 (base 5) in base 9?
-785
Convert 1331113 (base 4) to base 9.
12004
What is -1100001101000 (base 2) in base 10?
-6248
What is 64685 (base 9) in base 5?
2332340
Convert 429 (base 15) to base 12.
663
163724 (base 8) to base 12
2a418
What is 4201 (base 10) in base 12?
2521
Convert -1056 (base 11) to base 8.
-2560
What is -1023 (base 4) in base 5?
-300
-34 (base 7) to base 6
-41
Convert 21242 (base 9) to base 11.
a614
Convert -2201 (base 3) to base 9.
-81
What is -10150 (base 7) in base 16?
-9b5
What is 3c8 (base 16) in base 7?
2552
Convert -49a (base 13) to base 15.
-388
4d9f (base 16) to base 11
13a25
What is -2708 (base 10) in base 15?
-c08
Convert -12472 (base 11) to base 5.
-1032431
What is 146016 (base 7) in base 9?
43056
Convert 11013130 (base 4) to base 10.
20956
What is 128 (base 15) in base 10?
263
Convert 574 (base 14) to base 11.
8a4
Convert -212100112 (base 3) to base 9.
-25315
What is 1aa4 (base 11) in base 10?
2655
-4121 (base 7) to base 12
-9b8
-2628 (base 13) to base 11
-40a8
-110022 (base 3) to base 9
-408
84a (base 12) to base 8
2272
What is 11220001 (base 3) in base 8?
6755
Convert -2021001121 (base 3) to base 4.
-22313200
Convert -43292 (base 11) to base 14.
-18ccc
What is -b37e (base 15) in base 16?
-941f
Convert -1011101000 (base 2) to base 10.
-744
2311 (base 4) to base 14
cd
What is 2245 (base 8) in base 10?
1189
-9bf7 (base 16) to base 4
-21233313
What is -41717 (base 11) in base 5?
-3421020
Convert 46125 (base 7) to base 15.
3720
-2208 (base 14) to base 2
-1011100000000
Convert 724 (base 8) to base 6.
2100
What is 103223 (base 4) in base 10?
1259
Convert 111110010101 (base 2) to base 3.
12110202
What is 407 (base 8) in base 13?
173
Convert -10576 (base 10) to base 3.
-112111201
e90 (base 16) to base 7
13604
Convert -231030 (base 4) to base 9.
-3863
Convert -60132 (base 7) to base 10.
-14478
3877 (base 16) to base 5
430310
Convert -10021202 (base 4) to base 13.
-7973
Convert 423 (base 7) to base 4.
3111
What is -44fb (base 16) in base 12?
-a277
267 (base 14) to base 10
483
c3a (base 16) to base 10
3130
452 (base 9) to base 15
19b
What is 101145 (base 7) in base 13?
7ac7
-60336 (base 7) to base 3
-202000000
-4035 (base 12) to base 9
-10475
-717 (base 9) to base 16
-247
What is -2338 (base 9) in base 16?
-6c8
Convert 13207 (base 8) to base 2.
1011010000111
20758 (base 9) to base 10
13742
-337 (base 8) to base 15
-ed
What is 1100011000111 (base 2) in base 14?
2451
What is -1020 (base 3) in base 7?
-45
What is 3dc3 (base 15) in base 2?
11001110110001
What is -7d9 (base 16) in base 10?
-2009
Convert -584 (base 13) to base 10.
-953
Convert 67b (base 15) to base 9.
2008
What is -1494 (base 10) in base 7?
-4233
What is -1599 (base 13) in base 9?
-4310
Convert 34030 (base 6) to base 13.
222c
Convert -3722 (base 9) to base 15.
-c4e
Convert -3b2f (base 16) to base 13.
-6b86
What is -1ba89 (base 13) in base 9?
-82720
What is 313 (base 15) in base 8?
1265
Convert 20102 (base 3) to base 7.
335
What is -26324 (base 8) in base 7?
-45313
What is 941 (base 11) in base 6?
5130
What is -440 (base 8) in base 15?
-143
27774 (base 8) to base 12
7138
75f (base 16) to base 3
2120220
Convert -200120010 (base 3) to base 6.
-142350
-e281 (base 15) to base 16
-bacd
Convert -111022 (base 3) to base 10.
-359
13232 (base 6) to base 14
a56
What is 191 (base 15) in base 16?
169
What is -3627 (base 9) in base 13?
-12c7
6236 (base 14) to base 2
100001000001000
101274 (base 8) to base 2
1000001010111100
-100110 (base 2) to base